ber?
False
Is 149487403 a prime number?
False
Is 2669987 composite?
False
Is 7022891 prime?
True
Is 212504615 prime?
False
Is 4362593 composite?
False
Is 81374983 prime?
False
Is 50565629 a prime number?
False
Is 8439227 a prime number?
False
Is 139381 a composite number?
True
Is 66694259 a prime number?
False
Is 969781 prime?
False
Is 202462382 a composite number?
True
Is 895331 a prime number?
False
Is 2701163 composite?
True
Is 18487333 composite?
True
Is 6147847 a composite number?
False
Is 82735 prime?
False
Is 3091721 prime?
True
Is 2427931 a prime number?
False
Is 640603 prime?
False
Is 6562757 prime?
False
Is 13340417 a prime number?
False
Is 3258797 prime?
True
Is 4845899 a composite number?
False
Is 49858619 prime?
False
Is 17009929 prime?
True
Is 9250177 a composite number?
False
Is 1148261 a prime number?
True
Is 575921 prime?
True
Is 1641011 prime?
False
Is 2622113 a composite number?
True
Is 99682423 a prime number?
True
Is 57167711 prime?
True
Is 14559689 a composite number?
False
Is 6849103 a prime number?
True
Is 590201 a prime number?
True
Is 30372907 composite?
False
Is 111785723 composite?
True
Is 208918 composite?
True
Is 6913889 a composite number?
False
Is 3289387 a prime number?
True
Is 39334229 a prime number?
False
Is 1872753 prime?
False
Is 777289 a prime number?
False
Is 2648185 a composite number?
True
Is 979903 composite?
True
Is 1240427 a composite number?
True
Is 18584897 a composite number?
True
Is 925745 composite?
True
Is 3605194 a prime number?
False
Is 3721637 a prime number?
False
Is 16766965 a prime number?
False
Is 268439 composite?
False
Is 164677 composite?
False
Is 4666877 prime?
True
Is 3836921 composite?
True
Is 8152793 a composite number?
True
Is 1332803 a prime number?
True
Is 1312887 prime?
False
Is 1129103087 a prime number?
False
Is 349903 a composite number?
False
Is 22385399 a prime number?
False
Is 9205187 prime?
True
Is 291985061 prime?
True
Is 6562951 composite?
True
Is 13804779 prime?
False
Is 3483863 a composite number?
False
Is 1306861 a prime number?
False
Is 41007583 a composite number?
False
Is 3889063 a composite number?
False
Is 1418321 prime?
False
Is 115963823 a composite number?
False
Is 4361719 prime?
True
Is 413495 a prime number?
False
Is 19102757 prime?
True
Is 8085893 composite?
False
Is 42216773 composite?
True
Is 53892203 a prime number?
True
Is 978389 a prime number?
True
Is 403072279 a prime number?
True
Is 172187597 prime?
True
Is 248983 a composite number?
True
Is 43339997 a composite number?
False
Is 618489671 a prime number?
False
Is 42951073 a composite number?
True
Is 3388871 composite?
True
Is 14838379 composite?
True
Is 43557629 composite?
True
Is 33539 a composite number?
True
Is 831407 a prime number?
True
Is 1120687 a composite number?
False
Is 34939543 a prime number?
True
Is 3904877 prime?
True
Is 3772529 prime?
False
Is 211987007 composite?
False
Is 996413 a prime number?
False
Is 6571393 a prime number?
True
Is 2225343 composite?
True
Is 849193 a composite number?
True
Is 3046627 a composite number?
False
Is 2688337 a prime number?
True
Is 38355323 prime?
True
Is 3626089 a prime number?
False
Is 3349637 a composite number?
False
Is 234006455 a composite number?
True
Is 4822469 a composite number?
True
Is 1324261 composite?
False
Is 42609929 composite?
False
Is 460559593 a composite number?
True
Is 547171 a prime number?
True
Is 358964005 prime?
False
Is 1109987 a prime number?
True
Is 735821 composite?
False
Is 40078937 composite?
False
Is 101014021 composite?
True
Is 86316023 prime?
False
Is 16836049 prime?
True
Is 6922373 composite?
True
Is 8215681 a prime number?
True
Is 59740387 prime?
False
Is 228011639 prime?
True
Is 1009213 a prime number?
False
Is 22193443 a prime number?
False
Is 1506703 a composite number?
True
Is 26878343 prime?
False
Is 28458671 prime?
False
Is 356641 a composite number?
True
Is 2399581 prime?
True
Is 12256557 a prime number?
False
Is 6337817 a prime number?
False
Is 36771001 prime?
False
Is 63323353 a composite number?
False
Is 4562221 prime?
False
Is 13168613 prime?
True
Is 1314917 a composite number?
False
Is 13651807 prime?
False
Is 273252983 composite?
True
Is 28739797 a composite number?
False
Is 156248249 a composite number?
False
Is 1763297 composite?
False
Is 10254067 a composite number?
True
Is 6105877 prime?
True
Is 13118837 prime?
True
Is 201235967 a prime number?
True
Is 922423 a composite number?
False
Is 567841 prime?
True
Is 933649567 a composite number?
False
Is 87903163 composite?
True
Is 1015577 a prime number?
False
Is 166679869 a composite number?
False
Is 2288857 prime?
False
Is 2948398 a composite number?
True
Is 208049 prime?
True
Is 201071163 a prime number?
False
Is 714453 a composite number?
True
Is 52343 a composite number?
True
Is 271404667 prime?
True
Is 37002551 a prime number?
False
Is 11727857 a composite number?
False
Is 41446021 composite?
False
Is 24631213 prime?
True
Is 15219217 a prime number?
False
Is 1311447 a prime number?
False
Is 35142659 prime?
True
Is 17281569 composite?
True
Is 219460837 a composite number?
True
Is 4320419 composite?
False
Is 15935267 a composite number?
False
Is 533447 a prime number?
True
Is 3117269 composite?
False
Is 5591477 prime?
False
Is 6711113 prime?
True
Is 36729157 a composite number?
True
Is 100808473 composite?
True
Is 4102897 prime?
False
Is 11106199 a prime number?
False
Is 213172901 a prime number?
False
Is 511267 a prime number?
False
Is 366497 composite?
False
Is 53569 prime?
True
Is 33913289 a composite number?
True
Is 70192613 a composite number?
True
Is 54675433 a prime number?
False
Is 34914577 prime?
True
Is 1587899 a composite number?
False
Is 94623 a composite number?
True
Is 2910899 a composite number?
True
Is 72835133 prime?
False
Is 4276021 a prime number?
False
Is 77848303 prime?
False
Is 2802491 a prime number?
False
Is 148718177 composite?
True
Is 12623615 composite?
True
Is 60922063 a composite number?
False
Is 1654649 prime?
True
Is 146701697 a composite number?
False
Is 4507169 a prime number?
False
Is 4034857 composite?
True
Is 24146593 a composite number?
False
Is 13089647 a composite number?
False
Is 172550353 a composite number?
False
Is 114909187 a prime number?
True
Is 3705127 prime?
False
Is 11045563 a composite number?
True
Is 16799141 a prime number?
True
Is 270912209 prime?
False
Is 7737581 a composite number?
True
Is 37078 prime?
False
Is 6034493 a composite number?
False
Is 6147503 prime?
True
Is 650393 prime?
False
Is 2404671 a prime number?
False
Is 79392529 composite?
False
Is 49008983 a prime number?
True
Is 137768893 prime?
False
Is 2101859 composite?
True
Is 7097033 composite?
False
Is 31907383 prime?
True
Is 4055423 prime?
True
Is 190519447 composite?
False
Is 85609471 prime?
True
Is 30053789 a composite number?
False
Is 318557 a prime number?
True
Is 5136239 prime?
True
Is 3155129 a composite number?
True
Is 72741673 a composite number?
True
Is 4578869 a composite number?
False
Is 367057381 prime?
True
Is 10888181 a prime number?
True
Is 13107793 composite?
False
Is 14799451 composite?
False
Is 1391469 composite?
True
Is 94884343 composite?
False
Is 45630779 a composite number?
True
Is 2454843 a prime number?
False
Is 2413147 composite?
True
Is 1688833 a prime number?
False
Is 3867407 composite?
True
Is 8951231 a composite number?
True
Is 866513 a prime number?
True
Is 448174279 a prime number?
False
Is 82572167 composite?
False
Is 1754939 a prime number?
True
Is 15705451 composite?
False
Is 7571077 a prime number?
True
Is 120239153 composite?
False
Is 121716487 prime?
True
Is 104950289 composite?
True
Is 502010345 a composite number?
True
Is 177495137 a prime number?
True
Is 14670023 prime?
True
Is 218982889 a prime number?
True
Is 2958581 composite?
True
Is 17910523 prime?
False
Is 6654527 a prime number?
False
Is 110000437 a composite number?
False
Is 505867 composite?
False
Is 2461297 composite?
False
Is 115934095 a prime number?
False
Is 1229773 composite?
False
Is 15400253 a prime number?
False
Is 8742817 a prime number?
True
Is 7160443 composite?
True
Is 84895885 a composite number?
True
Is 478997929 composite?
False
Is 7984829 a prime number?
True
Is 4170641 a prime number?
True
Is 102534319 a prime